k = g - x. Let o(a) = -a**2 - 7*a - 2. What is o(k)?
8
Let h(c) = 2*c - 3. Let z(m) = m + 3. Let b be z(-1). What is h(b)?
1
Let l(v) = -v**3 - 4*v**2 + v + 3. Let x be l(-4). Let f(b) be the second derivative of -5*b**3/6 + b**2/2 - b. Calculate f(x).
6
Let r(l) be the first derivative of l**4/4 + 5*l**3/3 - 3*l**2/2 - 7*l - 1. Let q(i) = -24*i**2 - 2*i. Let f be q(-1). Let z = f - -17. What is r(z)?
8
Let y be (-3)/2*(-2)/3. Let m(x) = 4*x**3 + x - 1 + x**3 - 50*x**2 + 51*x**2. Give m(y).
6
Let v(s) = s**3 + s**2 + 10. Let r be (-10)/55 - (-46)/11. Suppose 0 = r*o - 8*o. Determine v(o).
10
Let q be (-2)/4 - 1/(-2). Suppose 5*f = -6*c + 3*c - 6, q = 2*f - 2*c - 4. Let d(o) = 3 - o**3 + o + 2*o + f - 2*o**2. Calculate d(-2).
-3
Let b(a) = a**2 - a**2 + 13 + a**2 - 12 - 3*a. Give b(4).
5
Let d(k) = -k**3 - 3*k**2 + k + 2. Suppose -6*o + b - 15 = -o, 0 = -o - 4*b + 18. Give d(o).
-4
Let w(p) = -p - 5. Let o be ((-1)/3)/((-17)/(-255)). Give w(o).
0
Let u(a) be the second derivative of a**3/6 + a. Suppose 9*r = 4*r. Suppose x - 4 = -2*k, -k + 3*x - 12 = -r*k. What is u(k)?
0
Let m(x) be the third derivative of -x**5/60 + x**4/4 + x**3 - 11*x**2. Give m(8).
-10
Let a(s) = s**3 + 2*s**2 - 5*s - 3. Let l(u) = -2*u - 7. Let i(v) = v + 3. Let p(o) = 13*i(o) + 6*l(o). Let f be p(0). What is a(f)?
3
Let r(f) = -f**2 - 4*f + 6. Let o = 10 + -15. Give r(o).
1
Let g(h) = 0 - 1 + 3 - 9*h**2 + 8*h**2 - 2*h. Give g(-4).
-6
Let s(h) be the third derivative of 13*h**4/24 - h**3/6 - 24*h**2. Determine s(1).
12
Suppose 3*q + 3 = -12. Let y(x) be the first derivative of -2*x + 1/4*x**4 + 5/3*x**3 - 2 - x**2. Determine y(q).
8
Suppose -4*a + 6*a = -5*o + 5, -3*a - o = -14. Suppose 25 = 2*w - 3*w - 5*p, 0 = -5*w + 5*p - a. Let c(l) = l**3 + 4*l**2 - 5*l - 7. Give c(w).
-7
Let h(o) = o**2 + 3*o - 1. Let d(m) = m**3 - 3*m**2 - 2*m - 6. Let i be d(4). Suppose -5*k - 4*z = 23, 9 = -3*k + i*k - 3*z. Calculate h(k).
-1
Let i(s) = s**2 - 2*s + 2. Let j be i(2). Let p(r) = r**2 - r**3 + r - 2*r**j + 1 + 0. What is p(-1)?
0
Let d(l) = -l - 1. Let s(n) be the first derivative of 3*n**2/2 + n - 4. Let k(i) = -2*d(i) - s(i). Determine k(3).
-2
Let l = -31 + 32. Let q(k) = 3*k. Determine q(l).
3
Let z = 19 - 11. Let p be (-50)/(-20)*z/(-10). Let u(r) = -r**3 - 3*r**2 + r - 1. Calculate u(p).
-7
Suppose 4*g = g + 5*t - 9, 5*g + 3*t = 19. Let j(h) = 2 + h + h**g - 4*h**2 - 3 + h**3. Determine j(3).
2
Suppose 5*m = -20 - 10. Let f(b) = 6*b**2 + 12. Let d(r) = -5*r**2 + r - 11. Let t(o) = -7*d(o) - 6*f(o). Give t(m).
11
Let z(h) be the first derivative of h**2 - h + 34. Calculate z(-1).
-3
Let w(y) = -2*y - 3*y + 6*y - 1. Let o be w(0). Let c(i) = -1. Let d(q) = -2*q - 9. Let u(x) = o*d(x) + 6*c(x). What is u(-3)?
-3
Let a = -9 - -11. Let j(z) = -3*z + 3*z**a + z - 3*z + 1 + 3*z. Determine j(2).
9
Let g(b) = 2 - 5 + 0 + 2 + b - 3. Let k = -1 + 7. Calculate g(k).
2
Let d(k) = 20*k + k - 20*k + 8. What is d(9)?
17
Let j(g) be the second derivative of g**3/3 - 3*g**2/2 + 10*g. Calculate j(5).
7
Let p(l) = -2*l - 1. Let r be p(-1). Let n(w) be the third derivative of 0*w**3 - 1/30*w**5 + 1/40*w**6 + 0 + 0*w + 1/24*w**4 + w**2. What is n(r)?
2
Suppose -f + 16 = f - 3*y, -16 = 2*f + 5*y. Let c(q) = 13*q**3 + 7 + q**2 + 1 + 2. Let r(a) = -9*a**3 - a**2 - 7. Let b(z) = 5*c(z) + 7*r(z). Give b(f).
9
Let g(y) be the second derivative of -y**3/2 - y**2/2 - 16*y. Determine g(2).
-7
Let z(v) = -15*v - 17. Let t(g) = 7*g + 8. Let s(d) = -13*t(d) - 6*z(d). Determine s(6).
-8
Suppose d - 9 = 2*g - g, -2*g = 8. Let b(w) = -w**2 + 6*w - 1. What is b(d)?
4
Let u(f) = -f**2 + 4*f + 9. Let q(i) = -i - 1. Let b(l) = -6*q(l) - u(l). Let j = -20 + 17. Calculate b(j).
0
Let k(o) be the third derivative of o**6/360 - 7*o**5/120 - 5*o**4/24 - 7*o**3/6 + 3*o**2. Let x(q) be the first derivative of k(q). Give x(6).
-11
Suppose -4*j = -3*h + 7, -4*h = 2*j + 4 - 6. Let u(f) = 3*f**3 + f**2 - 1. What is u(j)?
-3
Suppose -g - 3*d + 4 - 12 = 0, -d = -4*g + 7. Let v(b) = -3*b**2 - 4*b - g + 5 + 2*b**2. What is v(-4)?
4
Let i(h) = -h - 1. Let y(f) = f + 2. Let t be y(-5). Determine i(t).
2
Let x = 3 + -2. Let h(v) = v - x + 6 + 0. Let m(f) = -3*f + 5. Let b be m(3). Give h(b).
1
Let g(s) be the second derivative of s**3/3 + s**2 + s + 3. Give g(-2).
-2
Let t(a) = -5*a**2 + 25*a + 20. Let b(c) = -c**2 + 6*c + 5. Let v(h) = -9*b(h) + 2*t(h). What is v(-5)?
-10
Let j(m) be the first derivative of 7*m**4/2 - 2. Calculate j(-1).
-14
Let r(z) = z**3 + 20*z**2 + 18*z - 16. Let h be r(-19). Let i(p) be the third derivative of p**4/12 - p**3/2 - p**2. Calculate i(h).
3
Let y be 1/2*(6 - 6). Let g(k) be the second derivative of k**5/20 - k**4/12 + k**3/6 - 9*k**2/2 - 3*k. What is g(y)?
-9
Let m(b) = b**2 - 5*b - 4. Let i be m(7). Let p = i - 13. Let l(g) = -g**2 - 3*g - 4. Determine l(p).
-4
Let a(z) = 5*z - 10*z**2 - 2*z**2 + 3 + 13*z**2. What is a(-5)?
3
Let i(z) be the first derivative of -z**3/3 + 3*z**2 + 3*z - 27. Determine i(5).
8
Suppose 3*q + f = 7, -3*f - 5 - 2 = -5*q. Let l(w) = 1 - 1 + q*w - 4. Let c be 5*3*(-3)/(-9). Determine l(c).
6
Let m(s) = -5*s**2 + 4*s - 4. Let t(l) = l**2 - l + 1. Let c(u) = 2*m(u) + 11*t(u). Let x be ((-6)/(-8))/((-24)/(-160)). Calculate c(x).
13
Let b(d) = 7*d**3 - d**2 + d - 5. Let g(h) = 6*h**3 + h - 4. Let n(o) = -5*b(o) + 6*g(o). Suppose 5*m = 3*r + 40, r = -4*r - 3*m - 10. Calculate n(r).
-4
Let i be (-81)/(-36) - 1/4. Let k(w) = 3*w**2 + 5*w - 4*w - 5*w**i + 7*w**3 + 0*w**2. What is k(1)?
6
Let q(r) = -5*r**2 + 2*r + 3. Let a(t) = 6*t**2 - t - 2. Let d(y) = 4*a(y) + 5*q(y). Give d(6).
7
Let x(c) = -6*c**2 - 11*c + 2. Let h be x(-2). Let y(q) = 3*q + 4. Let r(j) = 4*j + 4. Let f(z) = 4*r(z) - 5*y(z). Calculate f(h).
-4
Suppose -9*c = -11*c - 4. Let w(o) = o**2 + 3*o + 1. Determine w(c).
-1
Let j(f) = f**3 + 3*f**2 - 4*f + 4. Let p be j(-4). Let y(q) = q**2 - 5*q + 3. Determine y(p).
-1
Let q(s) = -2*s**2 + 3*s - 2. Suppose k + 5*n - 22 = 0, -5*n = -4*k - 1 + 14. Suppose m - k = -4. Suppose m*w + w = 8. Calculate q(w).
-4
Let v(q) be the first derivative of q**3/3 - q**2 + 4*q + 8. Determine v(4).
12
Suppose 4*z - 3 = 5. Let w be 4*3*z/6. Let p(j) = j**2 - 3*j - 1. What is p(w)?
3
Let k(r) = 4*r**2 - r - 17*r**2 + r**3 + 5*r**2 + 1 + r**2. What is k(7)?
-6
Let s = -7 - -13. Let f(n) be the second derivative of -n**4/12 + n**3 - 2*n**2 - 7*n. Give f(s).
-4
Let t(a) = -9*a**3 + a**2 + a. Let g(w) = -4*w**3 - 2*w**2 - 2*w - 1. Let u be g(-1). Suppose -3*y + p = -u*p - 5, 6 = -4*y - p. Give t(y).
9
Let t(a) = 7*a + 7. Let c(h) = 10*h + 10. Let n(u) = -5*c(u) + 7*t(u). Let o = -6 + 9. Suppose 7*r + 4 = o*r. Determine n(r).
0
Let v(k) be the third derivative of 1/60*k**5 + 1/360*k**6 - 1/8*k**4 + 2*k**2 + 1/6*k**3 + 0 + 0*k. Let f(p) be the first derivative of v(p). Determine f(-4).
5
Let v(r) = -5*r + 4*r**2 + 0*r**2 - r**2 - 6 - 4*r**2. Calculate v(-6).
-12
Let b(t) = t. Let w be b(3). Let s = 3 - w. Suppose 3*q + 3*d = -24, 0 = -5*q - s*d + 2*d - 19. Let n(p) = p - 1. Determine n(q).
-6
Let c(b) = b - 2. Let z(l) = -2*l - 9. Let h be z(-5). Suppose 5*s + 15 = -2*a + 4*a, 0 = 4*s + 5*a + 12. Let w = s - h. Determine c(w).
-6
Let p be ((-1)/(-2))/(2/(-4)). Let u = 12 - 11. Let m(i) = 5*i + 3 - u - 1. Calculate m(p).
-4
Let q = -1 + 1. Let x(l) be the second derivative of -5*l + 0*l**4 + 1/6*l**3 + 1/20*l**5 + 7/2*l**2 + 0. Determine x(q).
7
Let b = -8 + 9. Let w(o) = 5*o + 3*o - 3*o + b - 3*o. Determine w(-3).
-5
Let h(p) be the second derivative of p**5/20 + p**4/3 - p**3/6 + 5*p**2/2 - 23*p. What is h(-4)?
9
Let p(q) = 7*q + 2 - 12*q**2 + 11*q**2 - 2*q. Let j be p(5). Let y(v) = -v - 2*v**2 + 0*v + 3*v**2 - 7 - j*v**2. Give y(0).
-7
Let k(q) = q**2 - 4*q + 5. Let w(y) = -2*y**3 - 8*y**2 + 5*y. Let o be w(-6). Let v be 9/(-21) - o/(-21). Calculate k(v).
10
Suppose 2 = 3*h - 16. Let y(w) = -w**3 + 7*w**2 - 6*w - 5. What is y(h)?
-5
Let q(d) be the third derivative of 0 + 0*d - 2/3*d**3 - 1/4*d**4 - 1/60*d**5 - d**2. Determine q(-5).
1
Let d(f) = f**3 + f. Let p be d(0). Let g(a) = 3*a - a**2 - 8 - 3*a. Calculate g(p).
-8
Let a(y) = y - 4. Let u(v) = v**2 + 8*v - 14. Let o be u(-10). Determine a(o).
2
Let v(x) = x**3 - 5*x**2 + 4*x - 3. Let o = 1 + 2. Give v(o).
-9
Suppose -2*u - 2*s = 